ds digit of 203280?
0
What is the units digit of 363996?
6
What is the units digit of 757600?
0
What is the tens digit of 26095279?
7
What is the thousands digit of 13275860?
5
What is the tens digit of 1626848?
4
What is the hundreds digit of 11012403?
4
What is the units digit of 5116015?
5
What is the tens digit of 3882690?
9
What is the thousands digit of 533101?
3
What is the units digit of 5682?
2
What is the hundreds digit of 4070719?
7
What is the ten thousands digit of 718120?
1
What is the tens digit of 713539?
3
What is the hundreds digit of 314877?
8
What is the hundreds digit of 128256?
2
What is the ten thousands digit of 320464?
2
What is the ten thousands digit of 412367?
1
What is the hundred thousands digit of 115115?
1
What is the hundreds digit of 891282?
2
What is the tens digit of 242972?
7
What is the hundred thousands digit of 716442?
7
What is the hundred thousands digit of 155728?
1
What is the units digit of 1682534?
4
What is the ten thousands digit of 1149737?
4
What is the millions digit of 6097805?
6
What is the tens digit of 234789?
8
What is the thousands digit of 196256?
6
What is the units digit of 4409490?
0
What is the hundreds digit of 854403?
4
What is the hundred thousands digit of 2792612?
7
What is the units digit of 325785?
5
What is the hundreds digit of 186420?
4
What is the tens digit of 9595935?
3
What is the tens digit of 580458?
5
What is the millions digit of 4227151?
4
What is the hundred thousands digit of 118173?
1
What is the hundreds digit of 5468997?
9
What is the ten thousands digit of 79209?
7
What is the tens digit of 3890264?
6
What is the tens digit of 2283609?
0
What is the units digit of 26381488?
8
What is the tens digit of 5048?
4
What is the millions digit of 6142604?
6
What is the hundred thousands digit of 7334309?
3
What is the hundreds digit of 11148363?
3
What is the millions digit of 20073098?
0
What is the millions digit of 7631918?
7
What is the tens digit of 2003330?
3
What is the hundred thousands digit of 1910232?
9
What is the units digit of 241241?
1
What is the hundred thousands digit of 2783948?
7
What is the thousands digit of 11109703?
9
What is the millions digit of 3073038?
3
What is the tens digit of 149844?
4
What is the tens digit of 11639857?
5
What is the millions digit of 19639969?
9
What is the tens digit of 212514?
1
What is the thousands digit of 627024?
7
What is the hundreds digit of 582985?
9
What is the tens digit of 648094?
9
What is the millions digit of 1918129?
1
What is the hundreds digit of 2093727?
7
What is the hundred thousands digit of 609428?
6
What is the hundreds digit of 334429?
4
What is the tens digit of 8588038?
3
What is the thousands digit of 966846?
6
What is the hundred thousands digit of 722335?
7
What is the millions digit of 3453356?
3
What is the hundreds digit of 30401292?
2
What is the tens digit of 6644668?
6
What is the hundreds digit of 180577?
5
What is the tens digit of 890577?
7
What is the hundreds digit of 20708688?
6
What is the hundreds digit of 1012272?
2
What is the ten thousands digit of 2081935?
8
What is the thousands digit of 45548?
5
What is the hundred thousands digit of 218512?
2
What is the units digit of 2829413?
3
What is the tens digit of 8741255?
5
What is the units digit of 8196030?
0
What is the tens digit of 137004?
0
What is the units digit of 741787?
7
What is the thousands digit of 59263?
9
What is the millions digit of 13364030?
3
What is the thousands digit of 3977083?
7
What is the tens digit of 565375?
7
What is the hundred thousands digit of 12362185?
3
What is the millions digit of 2660823?
2
What is the hundreds digit of 9907120?
1
What is the thousands digit of 424923?
4
What is the ten thousands digit of 256606?
5
What is the thousands digit of 97560?
7
What is the ten thousands digit of 503671?
0
What is the hundreds digit of 671095?
0
What is the ten thousands digit of 356615?
5
What is the millions digit of 3623427?
3
What is the units digit of 538607?
7
What is the ten thousands digit of 167865?
6
What is the thousands digit of 125714?
5
What is the thousands digit of 2995901?
5
What is the thousands digit of 83814?
3
What is the ten thousands digit of 16758143?
5
What is the hundred thousands digit of 190243?
1
What is the hundred thousands digit of 675405?
6
What is the ten thousands digit of 2147772?
4
What is the hundreds digit of 2993044?
0
What is the thousands digit of 20854111?
4
What is the hundreds digit of 16607356?
3
What is the units digit of 9551582?
2
What is the units digit of 211352?
2
What is the units digit of 401678?
8
What is the hundreds digit of 7347335?
3
What is the ten thousands digit of 6114155?
1
What is the thousands digit of 46804?
6
What is the thousands digit of 161433?
1
What is the thousands digit of 803356?
3
What is the hundred thousands digit of 1143236?
1
What is the units digit of 318927?
7
What is the hundred thousands digit of 2991414?
9
What is the units digit of 78053?
3
What is the tens digit of 1570370?
7
What is the ten thousands digit of 911659?
1
What is the thousands digit of 455546?
5
What is the tens digit of 5596104?
0
What is the ten thousands digit of 120203?
2
What is the units digit of 7545743?
3
What is the hundred thousands digit of 581571?
5
What is the thousands digit of 255474?
5
What is the thousands digit of 207983?
7
What is the hundreds digit of 783139?
1
What is the tens digit of 19281237?
3
What is the units digit of 82262?
2
What is the hundred thousands digit of 210194?
2
What is the thousands digit of 79073?
9
What is the thousands digit of 165335?
5
What is the units digit of 796124?
4
What is the thousands digit of 1204802?
4
What is the ten thousands digit of 1178704?
7
What is the ten thousands digit of 72147?
7
What is the thousands digit of 1629131?
9
What is the millions digit of 1282838?
1
What is the units digit of 5450?
0
What is the tens digit of 831223?
2
What is the thousands digit of 7197605?
7
What is the hundreds digit of 431742?
7
What is the hundreds digit of 2542120?
1
What is the thousands digit of 196319?
6
What is the thousands digit of 217663?
7
What is the thousands digit of 478597?
8
What is the units digit of 25459211?
1
What is the ten thousands digit of 615494?
1
What is the tens digit of 8949508?
0
What is the thousands digit of 90156?
0
What is the millions digit of 3305777?
3
What is the hundred thousands digit of 16934544?
9
What is the ten thousands digit of 15668810?
6
What is the hundred thousands digit of 875519?
8
What is the hundred thousands digit of 3087363?
0
What is the thousands digit of 17462405?
2
What is the units digit of 642332?
2
What is the hundreds digit of 2453767?
7
What is the ten thousands digit of 3183996?
8
What is the hundred thousands digit of 208361?
2
What is the units digit of 356092?
2
What is the hundred thousands digit of 1322155?
3
What is the ten thousands digit of 6737376?
3
What is the ten thousands digit of 165223?
6
What is the hundred thousands digit of 222460?
2
What is the units digit of 75481?
1
What is the units digit of 2668088?
8
What is the hundred thousands digit of 1007823?
0
What is the hundred thousands digit of 384190?
3
What is the ten thousands digit of 4629014?
2
What is the units digit of 12217010?
0
What is the thousands digit of 15963826?
3
What is the units digit of 8473122?
2
What is the hundreds digit of 9932738?
7
What is the tens digit of 971675?
7
What is the hundreds digit of 118577?
5
What is the thousands digit of 129511?
9
What is the units digit of 476432?
2
What is the thousands digit of 117718?
7
What is the units digit of 2730294?
4
What is the tens digit of 45865?
6
What is the hundred thousands digit of 635623?
6
What is the hundreds digit of 44660?
6
What is the units digit of 2825734?
4
What is the tens digit of 1123777?
7
What is the tens digit of 723687?
8
What is the hundreds digit of 2433843?
8
What is the ten thousands digit of 662923?
6
What is the ten thousands digit of 1766838?
6
What is the units digit of 8023824?
4
What is the tens digit of 666496?
9
What is the thousands digit of 1061917?
1
What is the ten thousands digit of 244723?
4
What is the thousands digit of 27133393?
3
What is the